 the greatest common factor of j and i.
9
Let a = 83 + -334. Let b = -116 - a. Calculate the greatest common divisor of 15 and b.
15
Let p be ((-312)/(-91))/((-1)/7). Let a be 6/4*(-448)/p. Calculate the greatest common factor of 4 and a.
4
Suppose -5*p = -2*r + 12 + 11, -p + 15 = r. Calculate the highest common divisor of 32 and r.
2
Let o be 103/1 + -4 + -4 + 5. What is the highest common divisor of o and 40?
20
Let b(k) = -2*k**2 - 17*k - 6. Let y be b(-8). Suppose -3*j + 160 = 2*v, 0 = v - 5*v + y*j + 320. What is the highest common divisor of 10 and v?
10
Suppose 3*q - 125 = -5*o - 26, -2*o = 3*q - 99. Let b be -1*(1 + -2) - 5. Let n(r) = r + 7. Let h be n(b). Calculate the highest common divisor of q and h.
3
Let v(z) = 99*z - 1. Let k be v(-2). Let h = 284 + k. What is the greatest common factor of h and 17?
17
Let y be (438/12)/((-7)/(-210)*3). Calculate the greatest common divisor of y and 511.
73
Let u be 1*(-1 + 1 + 1) + 1. Suppose -3*m + 3 + 29 = l, 16 = u*m - 2*l. What is the highest common factor of m and 50?
10
Suppose -i + 1 = 0, -4*c + 13*i - 8*i + 12315 = 0. Calculate the greatest common divisor of 77 and c.
77
Let u = -2 + 4. Let q be (-19 - -15)/(u/(-3)). Calculate the greatest common factor of q and 18.
6
Let k be ((-24)/15)/((-12)/210). Suppose -10*p + 235 = -45. What is the highest common factor of p and k?
28
Suppose -5*i - 3*q = -89, 5*i = 4*q - 0*q + 103. Suppose 1 = 5*o - i. Suppose 30*r - 86 = -26. Calculate the greatest common factor of o and r.
2
Let u(k) = -3*k - 25. Let g = -13 + -4. Let p be u(g). Calculate the highest common factor of p and 13.
13
Let u = -7 - -13. Let m be 517/22 - (-1)/2. Calculate the greatest common divisor of m and u.
6
Let d = -13 + 15. Suppose -d*t = t - 24. Calculate the greatest common divisor of t and 1.
1
Suppose 2*l + 12 - 68 = 0. Let y be 56*(6 + -1)/(4 - -1). What is the greatest common divisor of y and l?
28
Suppose -76 = -4*b - 4. Calculate the highest common divisor of b and 63.
9
Let k(s) = -s**2 + 13*s + 20. Let w be k(14). Let j be 88/5 + 10/25. Calculate the greatest common divisor of w and j.
6
Suppose -330 = 20*j - 15*j. Let w = -60 - j. What is the highest common divisor of 10 and w?
2
Let i be 1*(-4)/6*-3. Suppose 8*m = 9*m - 10. What is the greatest common divisor of m and i?
2
Let t be (-14)/28 + 43144/16. What is the greatest common factor of 8 and t?
8
Let l(p) = -2*p + 6. Let g be l(2). Let h(t) = -5*t - 9. Let q be h(-3). What is the greatest common divisor of g and q?
2
Suppose 0 = 21*h + 11*h - 3136. Calculate the highest common divisor of 42 and h.
14
Let g(j) = -5*j**2 + 15*j + 3. Let n(t) = -t**2 - t - 1. Let q(h) = -g(h) + 2*n(h). Let r be q(6). What is the greatest common divisor of r and 1?
1
Let x(l) = l**3 + 10*l**2 + 2. Let a be x(-10). Suppose 2*v + 4*g = 40, 5*v + a*g - 74 = -14. Let o = -9 + v. What is the highest common divisor of 1 and o?
1
Suppose -8*z + 18*z = 220. Calculate the greatest common divisor of 979 and z.
11
Let a(o) = 5*o**2 + 6*o + 3. Suppose 0 = 2*p + 12 - 4. Let g be a(p). Let b = -23 + g. What is the highest common factor of b and 18?
18
Let q = -535 - -938. What is the greatest common factor of 13 and q?
13
Suppose 0 = -9*a - 75 - 60. Let s = a + 183. Calculate the highest common factor of 24 and s.
24
Let o(u) = -50*u**3 - 3*u - 16. Let k be o(-3). What is the highest common divisor of k and 34?
17
Let k be (405/(-180))/((-6)/128). Suppose -5*u + 3*i = 7*i - 356, 0 = 5*i + 5. Calculate the highest common factor of u and k.
24
Let v = 426 + -402. What is the greatest common factor of 600 and v?
24
Let u(n) = -40*n + 275. Let x be u(6). Let q = -16 - -37. Calculate the greatest common divisor of q and x.
7
Let k be ((-26)/(-65))/(1/105). What is the greatest common divisor of 30 and k?
6
Let y(d) be the third derivative of d**5/60 + 19*d**4/24 + 11*d**3/6 - 6*d**2. Let o be y(14). Calculate the greatest common divisor of o and 43.
43
Suppose 6*v = -20 - 34. Let l be 24/((-24)/v - 2). What is the highest common factor of l and 90?
18
Suppose 74 = 3*a - q, -5*q + 48 - 143 = -4*a. Let w = a + -14. Calculate the highest common factor of 88 and w.
11
Suppose 0 = 9*s + 64 - 181. Calculate the greatest common divisor of 104 and s.
13
Suppose 77 = -0*i - 7*i. Let v = 102 + i. Calculate the greatest common divisor of v and 7.
7
Let l(d) be the first derivative of -d**3/3 - 33*d**2/2 - 17*d + 15. Let t be l(-13). Calculate the greatest common divisor of 27 and t.
27
Let y = -12 + 14. Suppose -2*t + 9 = -3*i, i - 1 = 3*t - 11. Suppose y*o + t*o = 320. What is the highest common divisor of 8 and o?
8
Let o(a) be the second derivative of a**4/12 + 3*a**3/2 - 19*a**2/2 - 18*a. Let s be o(8). Calculate the highest common divisor of s and 13.
13
Suppose -5*q - 79 = -5*r + 116, 9 = -3*q. What is the highest common factor of r and 384?
12
Let x = -1246 + 2346. Calculate the highest common factor of x and 44.
44
Let u be 0 + -5 - (0 + -13 + -148). What is the greatest common divisor of u and 6?
6
Suppose 8*r + 0*r = -8. Let o(b) = -19*b + 2. Let i(v) = -19*v + 2. Let w(c) = 3*i(c) - 2*o(c). Let n be w(r). Calculate the highest common factor of 3 and n.
3
Let d(g) = -g**3 + g**2 + g - 2. Let a be d(-2). Let h = 212 + -208. Calculate the greatest common factor of h and a.
4
Suppose 0 = 2*q - 2, -3*s + q + 453 + 173 = 0. What is the greatest common factor of 33 and s?
11
Let v(z) = 90*z**2 + 107*z - 3. Let s be v(-7). What is the greatest common factor of 62 and s?
62
Let f be -2 + 1392/33 + 10/(-55). Let m be ((-3)/3)/((-2)/10). Calculate the greatest common divisor of f and m.
5
Suppose g + 2*g - 636 = -3*i, -2*g - 3*i = -428. What is the highest common divisor of 26 and g?
26
Let a(l) = -7*l + 3. Let j = 6 + -7. Let p(s) = s - 1. Let g(o) = j*a(o) - 6*p(o). Let t be g(3). Calculate the highest common factor of t and 6.
6
Let s(b) = -b - 4. Let j be s(-4). Suppose -4*y + 4*p + 100 = j, p - 2 + 5 = 0. Calculate the greatest common divisor of 110 and y.
22
Suppose 11*i + 5*d - 112 = 7*i, d - 4 = 0. What is the highest common factor of i and 207?
23
Let r(l) = -1 - 2 - 2 + 26 + l. Let x be r(-17). Let j(c) = 9*c**2 - 2*c. Let t be j(-2). Calculate the highest common divisor of x and t.
4
Let a(c) = -4*c + 192. Let i be a(46). Let z be 1*8 + 0 + 0. Let w = i + z. Calculate the highest common divisor of w and 176.
16
Let h = -1805 + 1907. Calculate the highest common divisor of 1173 and h.
51
Let l(r) = -r**3 + 9*r**2 - r - 47. Let w be l(8). Calculate the highest common factor of w and 33.
3
Let w = -7 + 52. Suppose 4*m = -2*m + 180. What is the greatest common factor of w and m?
15
Suppose 9*i = -2*x + 11*i, 16 = 2*x + 2*i. Suppose -3*z + 48 + 48 = 0. Calculate the highest common divisor of x and z.
4
Let z = 123 - 79. Let o = -210 + 214. Calculate the highest common divisor of z and o.
4
Suppose -2*t + 187 + 409 = 2*w, -5*w - 15 = 0. Calculate the highest common divisor of 14 and t.
7
Suppose 3 = -3*k + 4*i, 8*i - 3*i - 18 = -k. Suppose -5*j - 111 + 315 = -k*s, 5*j = -5*s + 220. Calculate the highest common divisor of j and 28.
14
Suppose -y + 8*u - 3*u - 3 = 0, -2*y - u = 6. Let i be 6/(-15)*105/y. Suppose -p + 22 = -i. Calculate the highest common divisor of 4 and p.
4
Let j(q) = -3*q + 1. Let l be j(-5). Let x = -10 + l. Let m be (1/(-2))/(x/(-120)). What is the highest common divisor of m and 10?
10
Let y(i) = 2*i**3 + 17*i**2 + 8*i + 4. Let u be y(-7). What is the greatest common factor of u and 38?
19
Suppose -105*t - 660 = -109*t. Calculate the highest common factor of t and 30.
15
Let v(b) = 5*b**3 - 1. Let r be v(1). Suppose 5*c + 2*a - 40 = -3*a, r*a = 12. Suppose 0 = 3*h - c*h + 418. Calculate the greatest common factor of h and 19.
19
Let k(b) = b**3 - 12*b**2 + 2*b - 3. Let s be k(12). Let u be s/14*(-8)/(-6). Calculate the highest common factor of 3 and u.
1
Let v be (-136)/272 + (-22)/(-4). Calculate the highest common factor of v and 135.
5
Let t = -36 + 49. Let w = 198 + -120. Calculate the greatest common factor of t and w.
13
Suppose -5*m + 405 = 2*x - 322, 5*m = -x + 731. Calculate the greatest common divisor of m and 21.
21
Suppose -39 = -6*x + 21. Suppose 5*t - 120 = 2*t. Calculate the highest common factor of x and t.
10
Le